emainder when k is divided by (3 - (-10 + -6)) + 0 + s?
16
Suppose -575 - 977 = -8*w. Suppose -931 = -11*g - w. Calculate the remainder when g is divided by 25.
17
Calculate the remainder when 240 is divided by (-28)/(-2)*(-6 + 1368/84).
96
Let n = -1628 - -1634. Calculate the remainder when 344 is divided by n.
2
Let t(b) = 2*b**3 + 35*b**2 + 78*b + 33. What is the remainder when t(-14) is divided by 313?
0
Let d(c) = -c**2 + 96*c + 957. What is the remainder when 262 is divided by d(-9)?
10
Suppose -70*m - 1571 = -75*m - 2*q, 0 = -2*m - 2*q + 626. What is the remainder when m is divided by 106?
103
Suppose 128*r - 3153 - 1832 = 3719. What is the remainder when 946 is divided by r?
62
Let y(r) = -r**3 - 17*r**2 - 3*r - 25. Let o = 10 + -10. Suppose 3*i = -u - 8, i + 14 = -o*u - u. What is the remainder when y(u) is divided by 17?
9
Let k be (0 + -6)/(-2 + (-46)/(-24)). Suppose -2*a - k = 2. Let o = a + 71. What is the remainder when o is divided by 5?
4
Calculate the remainder when -18 + (-360)/(-140)*105 is divided by 121.
10
Let k = -439 + 4559. Calculate the remainder when k is divided by 6.
4
Let d(k) = -813*k - 17857. What is the remainder when 1143 is divided by d(-22)?
12
Let w = -27 + 38. Let x(i) be the second derivative of -i**5/20 + 5*i**4/6 - 23*i**3/6 + 11*i**2 + 121*i. Calculate the remainder when x(5) is divided by w.
10
Let s = 2872 - 2819. Calculate the remainder when 117 is divided by s.
11
Suppose 3*s = -4*i + 14 + 19, 4*i = -4*s + 36. Calculate the remainder when 54 is divided by s.
0
Suppose -758 = -24*o + 82. Suppose -41*w + 312 = -o*w. Calculate the remainder when 136 is divided by w.
32
Let y = -15581 + 18384. Calculate the remainder when y is divided by 41.
15
Suppose 5382 = 189*v + 26*v + 84*v. What is the remainder when 3522 is divided by v?
12
Suppose 2567 + 1941 = 46*q. What is the remainder when q is divided by 18*9/6 - -3?
8
What is the remainder when (-6)/21 + (-5373)/(-63) is divided by 24?
13
Let l be (0 + -1)*(-10)/2. Suppose -112 = -m + 3*d - 6*d, 10 = -l*d. Let p = -80 + m. Calculate the remainder when p is divided by 14.
10
Calculate the remainder when 757 is divided by (66/(-72))/(26/(-24) - -1).
9
Suppose -124 = -2*a + f, -248 = -4*a + 230*f - 229*f. Calculate the remainder when 185 is divided by a.
61
Let k(g) = 4*g + 54. Let p be k(-12). What is the remainder when 147 is divided by (66/9)/11*p?
3
Let b(f) = -24*f**2 + 5*f - 16. Let y be b(3). Let j = -177 - y. What is the remainder when 78 is divided by j?
38
Suppose 4*d = -a + 16, -8*d + a = -3*d - 11. Let b(s) = -2*s**3 + 8*s**2 - 7*s + 6. Calculate the remainder when (-2)/(-7) - (-412)/28 is divided by b(d).
0
Let h(x) = x**3 + 6*x**2 - 3*x + 2. Let u be h(-6). Suppose o + w = u, -10*w + 5*w = -25. What is the remainder when 48 is divided by o?
3
Let l(n) = n**3 - 11*n**2 - n + 8. Let g be l(11). Calculate the remainder when (-2732)/g*(-69)/(-92) is divided by 76.
75
Let q(t) = -t**3 + 6*t**2 + 19*t - 9. Calculate the remainder when 1079 is divided by q(8).
14
Suppose w - 295 = -5*x, 11*w - 5*x - 605 = 9*w. What is the remainder when 3017 is divided by w?
17
Let g be ((-10)/(-3))/((-112)/21 + 6). Suppose -5*w - 14 = -4*r + 22, 2*r = -g*w + 48. What is the remainder when (-1345)/(-35) + 8/r is divided by 6?
3
Let i = -521 + 521. Suppose -34*o + 324 + 16 = i. What is the remainder when 37 is divided by o?
7
Suppose -15 = -5*g + 5*q, -8 = 2*g + 3*q - 4. Calculate the remainder when (13 + 301)/(g*2) is divided by 20.
17
Let u = 6 - -7. Let s be (13680/(-27))/(-5)*(-6)/(-4). Let k = s - 95. What is the remainder when k is divided by u?
5
Let d = 1325 - 993. What is the remainder when d is divided by 48?
44
Suppose 0 = 8*s + 122 + 38. What is the remainder when (4/s)/(7/(-2765)) is divided by 14?
9
Let u(a) = a**2 + 5*a + 8. Let b be u(-6). Let o(t) = -5*t - 5. Calculate the remainder when (0 - 28/(-8))*(0 + b) is divided by o(-2).
4
Suppose 0 = -2*b - 8, 0 = 2*p - 3*b + 40 + 38. Suppose 9 = 4*a - 11. What is the remainder when ((-56)/(-70))/((-2)/p) is divided by a?
3
Suppose 2*s = -3*j + 525, 12*s + 853 = 5*j + 8*s. Calculate the remainder when j is divided by 1.
0
Let y(b) = 4*b**2 - b - 2. Let m be y(-1). Suppose 294 = m*g - 0. Let q = g - 62. Calculate the remainder when q is divided by 8.
4
Let u(j) = 28*j - 776. What is the remainder when u(36) is divided by 26?
24
Let n(w) = -17935*w - 186. What is the remainder when n(-1) is divided by 97?
95
Let z = 188 + -184. Suppose z*d + 9*g - 6*g - 156 = 0, -5*g + 39 = d. Calculate the remainder when d is divided by 8.
7
Let r be 2 - (-1 + (2 - -1)). Suppose -3*x - j + r*j = -118, -113 = -3*x - 2*j. Calculate the remainder when x is divided by 2992/32*108/918.
8
Let s(k) = -k**2 + 2*k + 66. Let p be s(9). Calculate the remainder when (p - (0 + -3))/((-6)/(-46)) is divided by 21.
4
Let i = 1217 - 1214. Calculate the remainder when 481 is divided by i.
1
Let y(n) = 2*n**2 + 8*n + 97. Let d be y(-6). Suppose -d*x - 215 = -126*x. Suppose -s - 166 = -3*s. What is the remainder when s is divided by x?
40
Let u be ((-4)/(-16))/(2/(-80)*-2). Let n be (164/28 - u)/(1/63). Let y = 67 - n. Calculate the remainder when 25 is divided by y.
12
Let z be (-2)/(((-44)/(-6))/(-11)). Suppose 4*a - 2*t - 6 = 8, a + 9 = z*t. What is the remainder when 16 is divided by a?
4
Let g be 3/(-9) + (-3)/(-9). Suppose v + 21 - 22 = g. Calculate the remainder when -5 + 2/v + (-112)/(-7) is divided by 3.
1
Let g(x) = x**3 - 8*x**2 - 38*x + 268. Calculate the remainder when 258 is divided by g(9).
6
What is the remainder when 1222 is divided by 20/12*(7 - (-60)/(-9))*36?
2
Let p(u) = -64*u**2 - 1536*u + 35. What is the remainder when (-2)/11 - (-3524)/22 is divided by p(-24)?
20
Suppose -46 = -9*q + 8. Suppose q*b - 1 = 23. Calculate the remainder when 15 is divided by b.
3
Calculate the remainder when 1262 is divided by (358/(-4) - 1)/(57/(-114)).
176
Suppose 5*w = -4*c + 1214, 4*c - 126 = -4*w + 842. Calculate the remainder when 623 is divided by w.
131
Suppose -23*l = -14*l - 117. What is the remainder when 161 is divided by l?
5
Let i = 1204 - 446. Let d = i - 424. What is the remainder when d is divided by 16?
14
Let c = 69 + -69. Suppose -5*y = 2*h - 253, h = -c*y + 4*y - 205. What is the remainder when 203 is divided by y?
50
Suppose -5*m = r - 4*r + 228, -5*m + 15 = 0. Suppose -19*s = -22*s + r. Calculate the remainder when (0/(-1) - -1) + 133 is divided by s.
26
Suppose 2*h - 3*v = -74 + 120, 6 = 2*h + 2*v. What is the remainder when (17/(-2))/((-1)/2) is divided by h?
6
Let z be 1 - -3 - (35 + -25). Calculate the remainder when 276 is divided by (1 - (-3)/9)/(z/(-315)).
66
Suppose -4*z - 11 = -4*d + 13, 2*d - 14 = z. Suppose 4*b - 2*l + 5 = 3*b, 5*l - 23 = -b. Suppose -b*g + 18 = -18. What is the remainder when g is divided by d?
4
Let c = -7 + 52. Let r(k) = 6*k - 144. Let h be r(24). Suppose -5*i + 34 + 86 = h. What is the remainder when c is divided by i?
21
Suppose 4*t = 2*t + 6. Calculate the remainder when (0 - -15)/(1/t) is divided by -21 + 11 - (213 + -231).
5
Let k(v) = 18*v**2 + 64*v + 277. What is the remainder when k(-4) is divided by 12?
9
Suppose 78*z - 76*z + 2*c = 82, 2*c + 158 = 4*z. Calculate the remainder when 2238 is divided by z.
38
Suppose -1096 = -262*d + 425*d - 7127. Calculate the remainder when d is divided by 34.
3
Let l = 16167 + -15823. What is the remainder when 2415 is divided by l?
7
Let z = -46 + 53. Suppose z*k = 35*k - 5516. What is the remainder when k is divided by 66?
65
Let z(h) = 3*h**3 - 5*h**2 - 5*h + 6. Let v be 4/3*(9 + -6). Let n be z(v). Suppose 5*j - n = 22. What is the remainder when 69 is divided by j?
21
Let r be (-9)/(9/(-2))*10/1. Suppose 4*f = -f + r. Suppose l + 5 = 19. Calculate the remainder when l is divided by f.
2
Let i = 8982 - 8941. Let b = 13 - 26. Let l = b + 27. Calculate the remainder when i is divided by l.
13
Let l = 4629 + -3459. Calculate the remainder when l is divided by 68.
14
Let s = 2173 - 2039. What is the remainder when 428 is divided by s?
26
Suppose -3*w + 7*y - 3*y = -56, -3*w + 61 = -5*y. Suppose w = -b - 4*k + 33, -2*b + 2*k + 12 = 0. Calculate the remainder when 25 is divided by b.
7
Suppose 12 = 9*v - 8 - 7. What is the remainder when 116 is 